 17. What is m(-2)?
-517
Let g(u) = -20*u**2 + 30*u - 255. Calculate g(9).
-1605
Let f(n) = -n**3 - 12*n**2 + 613*n + 158. Calculate f(-31).
-586
Let a(c) = -c**2 - 47296*c + 141904. Determine a(3).
7
Let f(x) = -x**2 + 1091*x + 4353. Calculate f(-4).
-27
Let j(t) = -4*t**3 - 40*t**2 + 13*t - 58. What is j(-8)?
-674
Let h(l) = 1415*l + 8743. Determine h(-6).
253
Let w(g) = -14*g**2 - 215*g + 353. Give w(-12).
917
Let f(x) = x**3 - 336*x**2 - 325835*x - 14516. Calculate f(-427).
2
Let d(h) = -74066*h + 370299. Calculate d(5).
-31
Let z(l) = -2179*l - 41701. Calculate z(-19).
-300
Let n(l) = -21*l**2 + 15*l - 56. Calculate n(2).
-110
Let g(j) = -2*j**3 + 336*j**2 + 6*j - 1021. Calculate g(168).
-13
Let v(r) = -7*r**2 - 1485*r + 18582. Determine v(-224).
-10
Let f(x) = 4*x**2 + 452*x - 2101. Give f(-113).
-2101
Let c(n) = 57664*n + 2191245. Determine c(-38).
13
Let l(a) = a**3 - 332*a**2 + 9320*a + 3413. Determine l(301).
102
Let j(z) = z**3 - 17*z**2 - 181*z + 1553. Determine j(22).
-9
Let y(t) = -t**3 + 179*t**2 - 934*t + 11135. What is y(174)?
-1
Let a(b) = 205*b + 10810. What is a(-54)?
-260
Let j(l) = l**3 - 136*l**2 + 200*l + 8649. What is j(134)?
-463
Let o(p) = 2*p**3 - 26*p**2 - 57*p + 214. Give o(-4).
-102
Let o(a) = 632043*a - 19593322. Give o(31).
11
Let g(s) = 2104*s + 1691636. Give g(-804).
20
Let s(x) = -234*x**2 + 40099*x - 40100. What is s(1)?
-235
Let r(l) = 108*l + 480. Give r(-11).
-708
Let r(z) = -12*z**2 - 5181*z + 208120. Give r(37).
-5
Let k(r) = 8*r**3 - 52*r**2 - 128*r + 406. Determine k(2).
6
Let b(x) = x**2 + 600*x + 38562. Calculate b(-73).
91
Let t(r) = 168*r - 1634. Calculate t(5).
-794
Let f(d) = d**3 + 3*d**2 - 38*d - 105. Give f(-4).
31
Let v(d) = -d**3 - 70*d**2 - 822*d + 10655. Determine v(-29).
12
Let g(p) = -2275*p + 759691. Determine g(334).
-159
Let u(l) = -757*l - 2896. What is u(-6)?
1646
Let g(n) = -1197*n - 24024. Calculate g(-18).
-2478
Let n(y) = -36481*y - 474258. Calculate n(-13).
-5
Let f(k) = 2242*k - 13474. What is f(6)?
-22
Let k(b) = -1398*b + 4453. What is k(3)?
259
Let z(w) = 4*w**3 + 59*w**2 + 35*w + 329. Give z(-15).
-421
Let d(m) = 8*m**2 - 43*m - 2029. Give d(-13).
-118
Let n(b) = 602839*b + 602852. What is n(-1)?
13
Let q(u) = 454495*u + 61. Determine q(0).
61
Let l(t) = 2*t**2 - 5290*t - 274982. Determine l(-51).
10
Let w(q) = 2317*q - 139019. Determine w(60).
1
Let s(y) = -12857*y - 205625. Calculate s(-16).
87
Let q(h) = -2778*h - 125001. Calculate q(-45).
9
Let v(z) = -25*z**2 + 547*z + 37. What is v(23)?
-607
Let l(o) = -5230*o**2 - 36598*o + 75. What is l(-7)?
-9
Let g(q) = q**3 + 61*q**2 - 1327*q - 418. What is g(-78)?
-340
Let z(d) = d**3 + 47*d**2 - 87*d - 149. Determine z(-49).
-688
Let i(p) = 8*p**3 + 11*p**2 - 9*p - 15. Calculate i(-6).
-1293
Let i(k) = -5997*k + 155833. Determine i(26).
-89
Let o(s) = -s**3 + 39*s**2 - 367*s - 218. What is o(19)?
29
Let d(f) = f**3 + 539*f**2 - 18252*f - 675. Give d(32).
-35
Let o(s) = -s**2 - 656*s + 60545. Determine o(82).
29
Let t(v) = 188*v + 34427. Calculate t(-184).
-165
Let i(h) = -4*h**3 - 3*h**2 + 86*h + 559. Determine i(-7).
1182
Let k(s) = -s**2 + 121*s - 1622. Determine k(134).
-3364
Let d(n) = 2*n**2 + 298920*n + 2092329. Calculate d(-7).
-13
Let d(v) = -4*v**2 + 4192*v - 438954. Calculate d(118).
6
Let i(w) = 3*w**2 + 278*w - 116790. What is i(-249)?
-9
Let h(m) = 7*m**3 + 9*m**2 - 15*m + 39. Determine h(3).
264
Let c(h) = -h**3 - 37*h**2 + 1644*h + 390. What is c(-63)?
12
Let y(w) = 574*w - 11577. Give y(20).
-97
Let c(q) = -2*q**3 - 36*q**2 + 294*q - 5181. Give c(-27).
3
Let n(x) = -1666*x + 5495. Give n(4).
-1169
Let f(d) = 56*d**2 + 28774*d - 5138. Give f(-514).
2
Let s(o) = 3*o**2 - 1193*o - 63197. Determine s(445).
-7
Let r(u) = u**2 + 117*u - 18426. Calculate r(90).
204
Let x(f) = -3*f**3 + 5*f**2 - 198*f + 799. Calculate x(4).
-105
Let f(z) = 33625*z + 67648. Determine f(-2).
398
Let m(v) = -6041*v - 12101. Calculate m(-2).
-19
Let o(l) = -1459*l**3 + 3*l**2 + 27*l + 26. What is o(-1)?
1461
Let y(p) = -1074*p**2 + 6441*p + 39. What is y(6)?
21
Let c(z) = -4*z**3 - 384*z**2 + 384*z + 231. Give c(-97).
619
Let r(w) = -1397*w - 1555. Give r(-1).
-158
Let o(i) = -1671*i + 334. What is o(0)?
334
Let y(g) = g**2 - 18662*g - 2253888. What is y(-120)?
-48
Let y(i) = -5709*i + 810683. Calculate y(142).
5
Let s(k) = k**3 + 245*k**2 + 1439*k - 18. Give s(-6).
-48
Let r(q) = 2*q**2 - 397*q - 5784. Determine r(-14).
166
Let g(b) = -1434*b - 94668. Calculate g(-66).
-24
Let u(b) = b**3 - 22*b**2 - 1326*b - 83. What is u(-27)?
-2
Let m(b) = -b**3 - 69*b**2 - 545*b - 91. Calculate m(-9).
-46
Let m(g) = 365556*g + 2558891. Give m(-7).
-1
Let x(j) = -j**3 - 5*j**2 - 52*j - 975. Give x(-10).
45
Let r(o) = 241393*o + 724184. Give r(-3).
5
Let m(d) = -6*d**3 - 242*d**2 - 112*d - 1280. What is m(-40)?
0
Let x(m) = -m**3 - 3022*m**2 - 600910*m + 397. Calculate x(-214).
-31
Let s(u) = 2496*u + 12158. What is s(-5)?
-322
Let r(u) = 72*u**2 + 11*u - 17. What is r(0)?
-17
Let g(s) = 432*s - 13983. Give g(33).
273
Let y(p) = p**3 - 37*p**2 - 5374*p - 873. Determine y(-57).
39
Let i(m) = 12*m**2 + 399*m + 2576. Give i(-15).
-709
Let u(y) = y**3 + 71*y**2 - 212*y + 217. Determine u(-74).
-523
Let d(j) = 1739*j + 55790. Determine d(-33).
-1597
Let q(d) = -4*d**2 + 19591*d + 78387. Determine q(-4).
-41
Let i(g) = g**3 - 92*g**2 - 107443*g - 758. Calculate i(377).
-4
Let z(q) = 7*q**3 + 3*q**2 + 180*q + 1000. Give z(-5).
-700
Let f(y) = 3*y**3 + 23*y**2 + 235*y + 1542. What is f(-7)?
-5
Let m(n) = 1630*n + 101016. Determine m(-62).
-44
Let r(y) = 389*y - 38801. Calculate r(100).
99
Let m(q) = q**3 - 42*q**2 + 420*q - 1288. What is m(6)?
-64
Let m(l) = 1487*l - 1085568. Give m(730).
-58
Let t(j) = -1548*j**2 - 24747*j + 338. What is t(-16)?
2
Let y(q) = -13*q**3 + 1237*q**2 - 185*q - 110. Calculate y(95).
365
Let v(s) = 10*s**3 - 129*s**2 + 39*s - 837. Calculate v(13).
-161
Let n(f) = -15587*f + 467495. Calculate n(30).
-115
Let k(g) = -1888*g**2 + 2781*g - 5560. Determine k(2).
-7550
Let a(v) = -v**3 - 65*v**2 - 136*v - 254. What is a(-63)?
376
Let p(i) = i**3 + 42*i**2 - 125*i - 1117. Determine p(-44).
511
Let g(k) = -915436*k - 4577183. Determine g(-5).
-3
Let b(w) = -w**2 - 36456*w - 510187. Determine b(-14).
1
Let r(b) = -2267*b + 2188. Determine r(1).
-79
Let w(i) = -4*i**2 + 215*i + 581. Calculate w(62).
-1465
Let y(w) = 3*w**2 + 107*w - 2518. What is y(-59)?
1612
Let r(z) = -z**3 + 3*z**2 + 23*z - 182. Determine r(5).
-117
Let h(y) = -946*y - 19881. Calculate h(-23).
1877
Let l(b) = b**3 - 100*b**2 - 1219*b - 205. What is l(111)?
17
Let v(j) = 894*j - 2548. Calculate v(4).
1028
Let s(o) = -114*o**3 - 25194*o**2 + o + 189. Calculate s(-221).
-32
Let c(l) = 3*l**2 - 663*l + 36276. What is c(121)?
-24
Let u(q) = 6827*q + 272802. Give u(-40).
-278
Let r(b) = b**3 + 64*b**2 - 28*b - 1348. Calculate r(-64).
444
Let g(x) = -9857*x**2 - 473136*x + 20. What is g(-48)?
20
Let t(f) = -786*f - 48265. Determine t(-64).
2039
Let h(u) = -4*u**3 + 60*u**2 + 297*u + 160. Determine h(19).
27
Let k(q) = 389*q**2 + 26582*q + 8833. What is k(-68)?
-7
Let t(v) = 3*v**2 + 4116*v - 1410910. What is t(-1656)?
2
Let h(n) = 9983*n - 3514043. Determine h(352).
-27
Let c(u) = 2791*u - 19109. Give c(7).
428
Let u(k) = 7*k**2 + 48*k + 252. Calculate u(-25).
3427
Let n(f) = -f**3 - 30*f**2 + 50*f - 2146. Calculate n(-34).
778
Let p(q) = -q**2 + 628*q - 52278. Determine p(98).
-338
Let r(d) = 164*d**2 + 248*d - 4. Determine r(-2).
156
Let t(d) = 3*d**3 - 188*d**2 + 2866*d + 616. Calculate t(27).
-5
Let l(p) = -1630*p + 1039946. Give l(638).
6
Let l(h) = h**3 + 34*h**2 - 203*h + 1476. Calculate l(-40).
-4
Let u(i) = -14*i + 998. Calculate u(66).
74
Let q(u) = 126*u**3 + 11467*u**2 + 88*u - 95. Calculate q(-91).
178
Let p(h) = -4541*h - 36166. Determine p(-8).
162
Let k(u) = 13*u**2 + 31924*u - 63862. Determine k(2).
38
Let a(z) = -1053*z**2 + 143232*z - 3239. What is a(136)?
25
Let i(v) = -45*v + 4783. Give i(129).
-1022
Let w(g) = 8*g**3 - 1290*g**2 + 6251*g - 14. Determine w(5).
-9
Let a(l) = 351*l - 37030. Determine a(104).
-526
Let p(y) = 232*y**2 - 1721*y + 690. Calculate p(7).
11
Let h(a) = -7*a**2 + 464*a + 5300. What is h(-10)?
-40
Let x(i) = -i**3 - 65*i**2 + 1777*